 what is -12 - 113212110212?
-113212110230
In base 16, what is ac3a + -233?
aa07
In base 6, what is 2545 - 211525?
-204540
In base 3, what is -10100010220 - 120000?
-10100200220
In base 10, what is 21 - -5752719?
5752740
In base 9, what is -13776 - -4388?
-8377
In base 4, what is 212 - -210213011?
210213223
In base 5, what is -2304403 + -4131?
-2314034
In base 8, what is 1175 + -407?
566
In base 15, what is 31e72 - -17d?
32100
In base 6, what is -5 - -12522404123?
12522404114
In base 16, what is 46994 - -7e?
46a12
In base 12, what is -4 - 44b5b97?
-44b5b9b
In base 8, what is 44 + 3011736?
3012002
In base 16, what is 28fcff + -1d?
28fce2
In base 11, what is -110 - -104378?
104268
In base 11, what is -2 + 22073546?
22073544
In base 3, what is -1102012 - 101121011?
-110000100
In base 3, what is -20002 - -101200012?
101110010
In base 14, what is 27756 + 102?
27858
In base 12, what is -17 + 9a9a8b0?
9a9a895
In base 6, what is 142420030 + 1?
142420031
In base 13, what is -aab43 - 3ab?
-ab221
In base 4, what is -311322013330 + 2?
-311322013322
In base 16, what is -1e1 + 5e99?
5cb8
In base 4, what is 1130030 + 112020?
1302110
In base 6, what is 15002002041 + 1?
15002002042
In base 3, what is 20101 - 11210012002?
-11202221201
In base 14, what is -650 - -22622?
21db2
In base 16, what is -254565b - -2?
-2545659
In base 2, what is -100100000 + -10010011111101?
-10011000011101
In base 8, what is 44500 - -360?
45060
In base 5, what is -404320 - -43121?
-311144
In base 15, what is -8 - -1ec104?
1ec0eb
In base 7, what is -2164204 - -4?
-2164200
In base 2, what is 100 + -11011011100111100010010010?
-11011011100111100010001110
In base 4, what is 2102011 - 33302?
2002103
In base 9, what is 166 + 8276786?
8277063
In base 6, what is 2210205240 - 5?
2210205231
In base 12, what is -3b48100 - 4?
-3b48104
In base 11, what is 13346 + 647?
13992
In base 13, what is -68c78 - -1a0c?
-67269
In base 11, what is 1 - 54a9885?
-54a9884
In base 9, what is 28250 - 5366?
22773
In base 12, what is 8 + -12901?
-128b5
In base 12, what is 5311 - -66?
5377
In base 8, what is -21620047 - -6?
-21620041
In base 7, what is -1263221646 + 2?
-1263221644
In base 2, what is -100111 - -111110101101010000?
111110101100101001
In base 12, what is -1a - -620416?
6203b8
In base 12, what is 9503 - -4b03?
12406
In base 14, what is 2d1393 - -16?
2d13a9
In base 4, what is 310301033 - 203?
310300230
In base 3, what is -2102212 - -12002202?
2122220
In base 9, what is 2212658 + 37?
2212706
In base 3, what is 10121021222220211 + -1?
10121021222220210
In base 14, what is -113a + 8b4?
-666
In base 13, what is 6212055 + -1?
6212054
In base 8, what is 57 - -1271000?
1271057
In base 16, what is -2dbe4 + -29?
-2dc0d
In base 8, what is -5 - 7434434?
-7434441
In base 2, what is 110111 - 110000011010011000010?
-110000011010010001011
In base 2, what is -1010010000100111010 + -100111?
-1010010000101100001
In base 10, what is -67583527 - -5?
-67583522
In base 10, what is -708116 + 32?
-708084
In base 7, what is -32300430 + -5?
-32300435
In base 12, what is 146633 - -13?
146646
In base 5, what is -41241 + 331342?
240101
In base 16, what is -673 - 15b?
-7ce
In base 14, what is -3 - 157553d?
-1575542
In base 5, what is -333 + 220414?
220031
In base 9, what is 1824887 - -3?
1825001
In base 10, what is 1 - 9260431?
-9260430
In base 11, what is 43944 + -31a0?
40754
In base 14, what is 1b29 - 9b5?
1154
In base 5, what is 10 - 40221123330?
-40221123320
In base 6, what is -51514525 - -311?
-51514214
In base 15, what is -9 - 59142e?
-591438
In base 13, what is -482102 + -10?
-482112
In base 3, what is -20011222120 - 11221?
-20012011111
In base 15, what is -7b5 - 16ab?
-1e71
In base 10, what is 12841 + -2883?
9958
In base 12, what is 1b364 - 64?
1b300
In base 7, what is 616354 + 152?
616536
In base 10, what is 23126 + -42?
23084
In base 9, what is 483057 - -12?
483070
In base 15, what is -172687 - -19?
-17266d
In base 11, what is -86 + 157623?
157548
In base 7, what is 33 - -5351220?
5351253
In base 14, what is 41a + -70b?
-2d1
In base 3, what is 112200210010221 - -10?
112200210011001
In base 6, what is 14131 - 123?
14004
In base 8, what is 45262 + 1114?
46376
In base 16, what is -107bd3 + -31?
-107c04
In base 11, what is 9 + -14579453?
-14579445
In base 14, what is -3 + 7db9227?
7db9224
In base 11, what is -2239197 + 9?
-2239189
In base 16, what is 0 + 158596e4?
158596e4
In base 5, what is 30440 + -22211000?
-22130010
In base 7, what is -562 + 6060443?
6056551
In base 5, what is 101042 + -321?
100221
In base 11, what is 14771604 + -1?
14771603
In base 12, what is -57057 + -a0?
-57137
In base 2, what is 10100001101110011010000 - 1?
10100001101110011001111
In base 4, what is -110201 - -1212213?
1102012
In base 15, what is -d + -b635e?
-b636c
In base 16, what is 5734356 - 3?
5734353
In base 7, what is -5610 - -20033?
11123
In base 11, what is -15920457 + -3?
-1592045a
In base 3, what is 22 - -212221020021222?
212221020022021
In base 4, what is 10030023 - 21212?
10002211
In base 6, what is 52521 + -1331053?
-1234132
In base 11, what is -4251a37 + 2?
-4251a35
In base 10, what is -1079222 + 77?
-1079145
In base 12, what is 5652 + 971?
6403
In base 2, what is -10110111101110110001000010001 - 101?
-10110111101110110001000010110
In base 10, what is -627954 - -4?
-627950
In base 15, what is 14ab - -2445?
3901
In base 15, what is 9de44a2 + -3?
9de449e
In base 5, what is -4 - 244233322022?
-244233322031
In base 3, what is 2202012000020111 - -110?
2202012000020221
In base 2, what is -111101110 + -110010010111010000?
-110010011110111110
In base 6, what is 13 + 2204202531?
2204202544
In base 11, what is 57 + 5270713?
527076a
In base 2, what is -111001000000 - -1101001100010100?
1100010011010100
In base 10, what is 24028 - 224?
23804
In base 7, what is 42336264 + 111?
42336405
In base 2, what is -10010011000 + -10100011110110000?
-10100110001001000
In base 9, what is -475435114 + 2?
-475435112
In base 13, what is -24 - 15293b?
-152962
In base 7, what is -146555631 + -2?
-146555633
In base 13, what is 0 - 3073550?
-3073550
In base 12, what is 2b026 - bb?
2ab27
In base 2, what is -1110 + 1011000000001001?
1010111111111011
In base 14, what is 97 + -4b97c?
-4b8c5
In base 13, what is -246b + 956c?
7101
In base 3, what is 2212 + -1102002021?
-1101222102
In base 5, what is -2301 + 33432221?
33424420
In base 9, what is 14262484 + -5?
14262478
In base 3, what is -112 + 22012021211?
22012021022
In base 10, what is 140 + 339414?
339554
In base 8, what is 2427450 + -10?
2427440
In base 13, what is 40 + 28a66?
28aa6
In base 16, what is -3e + 1737?
16f9
In base 11, what is 3508 + 48641?
51049
In base 7, what is 1 + -33142500?
-33142466
In base 11, what is -6a + 2a93826?
2a93767
In base 6, what is -12243503 - -1005?
-12242454
In base 6, what is 103 + -1045125?
-1045022
In base 3, what is 110012011112212 + -1?
110012011112211
In base 3, what is 1220001210201102 - -110?
1220001210201212
In base 12, what is -479ba168 + 1?
-479ba167
In base 15, what is -4 + -2440d73?
-2440d77
In base 2, what is 10 - -1001011100100000100100010?
1001011100100000100100100
In base 10, what is 0 + 4898770?
4898770
In base 4, what is 2111212 + 11132322?
13310200
In base 3, what is 1111111220110 + 11022?
1111112001202
In base 11, what is 2 + 77384a9?
7738500
In base 15, what is -256e + -4?
-2573
In base 5, what is -30230 + -101310131?
-101340411
In base 10, what is -2266017 + -87?
-2266104
In base 12, what is -9 - -369353?
369346
In base 5, what is 234 - 102003442?
-102003203
In base 7, what is 33122 - 614?
32205
In base 6, what is -2051 + -2152223?
-2154314
In base 7, what is 4 + -2651435103?
-2651435066
In base 12, what is 0 - -7733145?
7733145
In base 4, what is 112230200130 - -1?
112230200131
In base 13, what is 2975 - 57b2?
-2b3a
In base 15, what is -21e41 - cbc?
-22c0d
In base 15, what is -7ce9ea - 39?
-7cea34
In base 7, what is 1211001 - 131?
1210540
In base 13, what is -5 - -2c534?
2c52c
In base 3, what is -1020120 - -1222210222?
1221120102
In base 2, what is -10010101000 - -1011110111101000101?
1011110101010011101
In base 10, what is -1631 + -78977?
-80608
In base 13, what is 585507 - 46?
585491
In base 10, what is 2910902 + 4?
2910906
In base 10, what is -12883 - 5140?
-